 highest common divisor of 130 and 858?
26
What is the greatest common divisor of 29 and 841?
29
What is the highest common factor of 1081 and 23?
23
Calculate the greatest common divisor of 458 and 2.
2
Calculate the greatest common divisor of 46 and 1886.
46
What is the greatest common divisor of 423 and 9?
9
What is the greatest common factor of 39 and 4953?
39
What is the greatest common factor of 25779 and 78?
39
What is the greatest common divisor of 81 and 1449?
9
Calculate the greatest common factor of 455 and 5.
5
Calculate the greatest common factor of 22 and 99.
11
Calculate the highest common factor of 2451 and 38.
19
Calculate the greatest common divisor of 11 and 16.
1
What is the greatest common factor of 532 and 308?
28
What is the greatest common divisor of 19279 and 39?
13
Calculate the greatest common factor of 10591 and 17.
17
What is the highest common divisor of 442 and 34?
34
Calculate the greatest common divisor of 15 and 48045.
15
Calculate the greatest common factor of 1 and 603.
1
Calculate the greatest common factor of 207 and 72.
9
What is the greatest common factor of 14 and 189?
7
What is the highest common factor of 10146 and 18?
6
Calculate the highest common factor of 21 and 39.
3
What is the greatest common factor of 116 and 10469?
29
What is the highest common factor of 2520 and 154?
14
What is the highest common factor of 134 and 603?
67
Calculate the greatest common factor of 150 and 140.
10
What is the greatest common divisor of 2850 and 25?
25
What is the greatest common divisor of 96 and 6?
6
Calculate the highest common divisor of 952 and 16.
8
Calculate the highest common divisor of 99 and 88.
11
Calculate the greatest common factor of 10 and 6070.
10
Calculate the greatest common factor of 420 and 3600.
60
What is the highest common factor of 306 and 54?
18
What is the highest common factor of 704 and 448?
64
What is the highest common divisor of 40 and 1660?
20
What is the greatest common divisor of 136 and 153?
17
Calculate the greatest common divisor of 79 and 7979.
79
Calculate the highest common factor of 118 and 5546.
118
What is the highest common divisor of 741 and 13?
13
Calculate the greatest common divisor of 432 and 783.
27
Calculate the highest common factor of 143 and 78.
13
What is the highest common divisor of 1856 and 256?
64
What is the greatest common factor of 120 and 80?
40
Calculate the highest common divisor of 3 and 111.
3
What is the highest common divisor of 83 and 12367?
83
Calculate the greatest common divisor of 228 and 192.
12
What is the greatest common factor of 105 and 8960?
35
What is the greatest common factor of 21 and 77?
7
Calculate the greatest common factor of 100 and 1550.
50
Calculate the greatest common divisor of 441 and 9.
9
Calculate the highest common divisor of 154 and 14.
14
Calculate the highest common factor of 2440 and 10.
10
Calculate the highest common divisor of 60 and 20.
20
What is the highest common divisor of 47 and 25803?
47
Calculate the highest common factor of 265 and 5.
5
Calculate the greatest common divisor of 154 and 7.
7
What is the highest common divisor of 32 and 16128?
32
What is the greatest common factor of 256 and 944?
16
What is the highest common divisor of 688 and 43?
43
Calculate the highest common divisor of 1737 and 9.
9
What is the greatest common factor of 660 and 8844?
132
Calculate the highest common divisor of 6 and 26.
2
Calculate the highest common factor of 146 and 219.
73
Calculate the greatest common divisor of 27 and 441.
9
What is the highest common factor of 495 and 275?
55
Calculate the greatest common factor of 45 and 2205.
45
What is the highest common factor of 30 and 24000?
30
Calculate the greatest common divisor of 7 and 126.
7
Calculate the greatest common divisor of 54 and 1242.
54
What is the highest common divisor of 357 and 2583?
21
Calculate the greatest common factor of 44 and 1254.
22
Calculate the highest common factor of 260 and 170.
10
Calculate the highest common factor of 255 and 340.
85
What is the greatest common divisor of 76 and 2356?
76
What is the greatest common divisor of 800 and 1360?
80
Calculate the highest common factor of 731 and 1921.
17
What is the highest common factor of 240 and 2040?
120
Calculate the highest common divisor of 8100 and 432.
108
Calculate the highest common factor of 208 and 1066.
26
Calculate the highest common factor of 902 and 220.
22
What is the highest common factor of 111 and 3?
3
What is the greatest common factor of 150 and 1365?
15
Calculate the highest common divisor of 47900 and 100.
100
What is the greatest common divisor of 96 and 12?
12
What is the highest common factor of 364 and 84?
28
What is the greatest common divisor of 611 and 13?
13
Calculate the highest common factor of 130 and 13.
13
Calculate the highest common factor of 275 and 99.
11
Calculate the greatest common divisor of 40 and 65.
5
What is the greatest common divisor of 4 and 36?
4
What is the greatest common factor of 24 and 8?
8
Calculate the greatest common factor of 400 and 1880.
40
What is the highest common divisor of 386 and 26?
2
Calculate the highest common factor of 333 and 405.
9
Calculate the highest common factor of 14124 and 66.
66
Calculate the highest common factor of 5 and 1270.
5
Calculate the highest common divisor of 80 and 220.
20
What is the highest common factor of 45 and 81?
9
What is the highest common factor of 152 and 72?
8
Calculate the greatest common divisor of 67 and 26398.
67
What is the highest common divisor of 20 and 1060?
20
Calculate the highest common divisor of 26 and 18.
2
Calculate the highest common divisor of 208 and 40976.
208
What is the highest common factor of 1807 and 26?
13
What is the highest common divisor of 646 and 722?
38
What is the greatest common divisor of 2310 and 63?
21
What is the highest common factor of 175 and 7?
7
Calculate the greatest common factor of 20 and 80.
20
What is the greatest common divisor of 744 and 124?
124
Calculate the greatest common divisor of 704 and 517.
11
What is the greatest common divisor of 22 and 110?
22
Calculate the highest common divisor of 986 and 261.
29
Calculate the greatest common factor of 267 and 1157.
89
What is the greatest common divisor of 49 and 91826?
49
Calculate the highest common factor of 426 and 12.
6
What is the greatest common divisor of 23 and 115?
23
What is the highest common divisor of 9 and 369?
9
What is the greatest common factor of 116 and 638?
58
What is the greatest common factor of 3266 and 23?
23
Calculate the highest common divisor of 242 and 3432.
22
What is the highest common divisor of 49 and 7?
7
What is the highest common divisor of 782 and 34?
34
What is the greatest common divisor of 600 and 1650?
150
What is the highest common divisor of 1566 and 6?
6
Calculate the greatest common factor of 11843 and 39.
13
Calculate the greatest common divisor of 63 and 42.
21
What is the greatest common divisor of 507 and 96?
3
Calculate the greatest common factor of 528 and 1560.
24
What is the greatest common factor of 2616 and 24?
24
Calculate the highest common divisor of 90 and 28170.
90
Calculate the highest common divisor of 6889 and 83.
83
What is the highest common factor of 4 and 5740?
4
Calculate the greatest common factor of 870 and 60.
30
What is the greatest common factor of 14 and 13594?
14
Calculate the highest common factor of 102 and 6.
6
What is the greatest common factor of 15 and 11160?
15
Calculate the highest common divisor of 142 and 710.
142
Calculate the greatest common factor of 636 and 60.
12
What is the highest common factor of 31 and 961?
31
Calculate the highest common divisor of 102 and 32334.
102
Calculate the highest common factor of 60 and 140.
20
What is the highest common factor of 20535 and 15?
15
What is the greatest common factor of 1365 and 15561?
273
Calculate the greatest common divisor of 16 and 1328.
16
Calculate the highest common factor of 68 and 578.
34
Calculate the greatest common factor of 50 and 400.
50
Calculate the greatest common factor of 140 and 7.
7
What is the greatest common divisor of 42 and 2226?
42
Calculate the greatest common factor of 6 and 1374.
6
Calculate the highest common factor of